
2, 7, 43
Let f = 56215 - 22940. List the prime factors of f.
5, 11
Let y = -81 - -84. Let j be 6*(10/y + -3)*1. List the prime factors of j - ((4 - 7) + 165)/(-1).
2, 41
Suppose 2*r - 44 = -4*w, -w + 5 = 2*r - 9. Let h be -1 + (1068 - w/(-2)). Suppose 5*q - 302 = 5*k - h, -15 = -3*q. List the prime factors of k.
3, 53
Suppose 0 = 25*b + 150002 - 1271527. List the prime factors of b.
113, 397
Let a be (-10674)/81 + (-4)/18. Let o = -1 - a. Let k = o + 33. List the prime factors of k.
2, 41
Suppose 2*u + 7398 = 4*u + 2*l, -l + 48087 = 13*u. What are the prime factors of u?
3, 137
Let r = -27 + 40. Let o(n) = 2*n**3 - 20*n**2 - 79*n + 15. List the prime factors of o(r).
2
Let i(y) = y**2 + 8*y - 10. Let s be i(-6). Let l = -15 - s. Suppose q - 4*p = l + 4, 4*q - 31 = 3*p. List the prime factors of q.
7
Suppose 20 = t - y, 3*y + 24 = -2*t + 3*t. List the prime factors of (-1328)/(-3) - ((-78)/t - -5).
2, 13, 17
Let h = -231 - 78. Let m be -438*(1 + -2) - 2. Let o = m + h. List the prime factors of o.
127
Suppose -8*v = -13*v + 3830. Suppose -3*b - f = -v, 4*b - 502 = 2*b - 5*f. List the prime factors of b.
2
Let l(w) = -w + 8. Let m be l(5). Suppose -16 + 358 = -m*p. Let g = p + 201. What are the prime factors of g?
3, 29
Let x(w) = -w**2 + 3*w + 6. Let s be x(4). Let j(g) = g**3 - 24 + 0*g**3 + 25*g + 68*g**2 - 89*g**s. List the prime factors of j(20).
2, 19
Let z = 67720 - 44648. What are the prime factors of z?
2, 7, 103
Let j(m) be the third derivative of 17*m**5/60 - 3*m**4/4 - m**3/2 - 85*m**2. What are the prime factors of j(-4)?
11, 31
Let r = 8034 + -463. What are the prime factors of r?
67, 113
Suppose 54*p + 4820 = 55*p. What are the prime factors of p?
2, 5, 241
Suppose 2*a + 3*m = 7*a - 7, -a + 3 = m. Let z be ((-2277)/(-6) - 3) + a/4. Suppose 3*y + 6*j - z = 2*j, y - 135 = j. List the prime factors of y.
131
Let u be (11 - 4 - 4) + 1 + -2. Let m(w) = -16*w**2 - w**3 + 34*w**2 + 28 - 16*w**u + 2*w. List the prime factors of m(0).
2, 7
Suppose -5*h + 62593 = -4*o, -24*h = -25*h + 3*o + 12512. What are the prime factors of h?
19, 659
Let d be (-2 + 6 + -5)/(2/(-10)). Suppose -b + 9 = d*l - 3*l, 4*l - 21 = -3*b. Suppose 0*u + 39 = u + i, -125 = -b*u + i. What are the prime factors of u?
41
Suppose 0 = -3*c + 182*u - 177*u + 23141, 4*u = 4*c - 30868. What are the prime factors of c?
2, 3, 11, 13
Suppose -v - 5*o + 12600 = 0, 7*v - 4*v - 5*o = 37760. What are the prime factors of v?
2, 5, 1259
Let i(j) = 11*j**2 - 5*j - 4. Let x be i(-1). Let k be -3*x/10 + (-4)/10. List the prime factors of -2 - k - (-102 + (-6)/3).
2, 53
What are the prime factors of (-1 - -1) + (-4 - -10186)?
2, 3, 1697
Let k(a) = -a**3 + 6*a**2 + 10*a - 11. Let i be k(7). Suppose 0 = -3*m + i - 115. Let l = 73 + m. List the prime factors of l.
2, 19
Let k(v) = 5*v**3 - 2*v**2 - 2*v + 8. Let r be k(4). Let c = 482 - r. What are the prime factors of c?
2, 97
Let d be (-5 - -362986)*-1*1. What are the prime factors of d/(-1175) + 2/25?
3, 103
What are the prime factors of -20395*(-1 + -1) - 91/((-3731)/(-82))?
2, 3, 11, 103
Let t = -165 - -4. Suppose -7*x + 170 = -2*x. Let d = x - t. List the prime factors of d.
3, 5, 13
Suppose 0 = 43*u - 39*u - 536. Suppose -u*h + 151*h - 10098 = 0. List the prime factors of h.
2, 3, 11
Let r(o) be the first derivative of -28*o**2 + 5*o + 31. Let c be (-5)/(-10) + 3/(-2). What are the prime factors of r(c)?
61
Let a(w) be the third derivative of 0*w + 5/12*w**4 + 0 - 35/6*w**3 + 22*w**2. List the prime factors of a(9).
5, 11
Suppose -28 = 4*h, 4*h = -3*i + 8452 + 52900. List the prime factors of i.
2, 3, 5, 11, 31
Let w(k) = k**3 + 7*k**2 - 5*k - 8. Let g be w(-7). Suppose -25*y = -34*y + g. Suppose -d = -v - 126, y*v + 1 + 5 = 0. List the prime factors of d.
2, 31
Suppose 352*d + 357*d = 698*d + 160270. List the prime factors of d.
2, 5, 31, 47
Suppose -75*x + 481110 = -45*x. List the prime factors of x.
7, 29, 79
Suppose 0 = 5*t + 2*u - 121909, -20*t - 24409 = -21*t + 3*u. List the prime factors of t.
5, 4877
Let n(a) = 86*a + 2334. What are the prime factors of n(24)?
2, 3, 733
Suppose 40*m - 1009826 + 176586 = 0. What are the prime factors of m?
37, 563
Let b(l) = 63*l**2 - 2*l + 2. Let v be b(2). Let t(a) = 38*a - 527. Let d be t(14). Suppose -4*u = -n + u + 79, -d*n - 4*u + v = 0. List the prime factors of n.
2, 3
Let g = -114 + 120. Suppose -4*q = -q + 2*u + 54, -u = -4*q - 72. List the prime factors of ((-444)/q)/(g/9).
37
Let b = -38 - -34. Let o be (-4)/b + (-1)/(3/(-51)). Suppose -w = -o - 56. What are the prime factors of w?
2, 37
Suppose -3*h + 4*g = -1512, -5*h - 4*g + 2579 = 91. Let i = 669 - h. What are the prime factors of i?
13
Suppose -5*z = a + 20, 5*z - 8*z = 2*a + 19. Let i = 612 - z. List the prime factors of i.
3, 5, 41
Let b(h) be the first derivative of -h**4/2 - 13*h**3/3 - 9*h**2/2 - 8*h - 16. Let j be b(-6). Suppose -j*r + 2*r + 808 = 0. List the prime factors of r.
101
Let r = 7780 + -2638. What are the prime factors of r?
2, 3, 857
Let a(c) = -c**3 + 6*c**2 + 9*c - 6. Let w be a(7). Let x be 52 - (12 - w)*(-2)/(-4). Let y = x - 23. List the prime factors of y.
3
Suppose -b = 3*i, -3*i + 4 = -b + 16. Suppose -4*f - 2490 = b*f. What are the prime factors of (4 + -2)*(-4)/(24/f)?
83
Let x = 24844 - 17097. What are the prime factors of x?
61, 127
Let g(q) = q**3 + 10*q**2 - 3*q + 4. Suppose -12*z + 9*z + 16 = -2*i, -24 = 3*i - 4*z. List the prime factors of g(i).
2, 3, 13
What are the prime factors of 25526520/612 - (1 + 21)?
2, 3, 193
List the prime factors of (21 - (-1712)/(-80))*-155870.
2, 11, 13, 109
Let j(b) = b**2 + 18*b + 41. Let w be j(-16). Suppose 1694 - 146 = w*l. List the prime factors of l.
2, 43
Suppose -6*n + 1329 = 249. Suppose -2*q + 14*q - n = 0. What are the prime factors of (-1544)/(-40) - 3*(-2)/q?
3, 13
Let c(f) = 199*f - 979. What are the prime factors of c(83)?
2, 17, 457
Suppose 3*j + 2*m - 40181 = 53836, 5*j - 5*m - 156745 = 0. What are the prime factors of j?
13, 2411
Suppose -95*k + 97*k = -3*z + 94929, -3*k = 2*z - 63271. What are the prime factors of z?
31649
Let q(s) = 9 - 4 + 10*s + 3 - 11*s. List the prime factors of q(-5).
13
What are the prime factors of 4510 - -1 - (168 + -144)?
7, 641
List the prime factors of 0 + 4 + (0 + (-65)/52)*-22072.
2, 3, 7, 73
Suppose -4*k + 73 = 5*d - 0*d, 12 = -4*k. Suppose d*n = 6*n + 8382. List the prime factors of n.
2, 3, 127
Suppose 0 = 16*z - 1922 - 1038. Suppose -z*d - 2292 = -187*d. List the prime factors of d.
2, 3, 191
Let w(v) = -v**2 + 10*v - 7. Let z be w(8). Let t(m) = 5*m**2 + 15*m - 29. What are the prime factors of t(z)?
7, 73
Suppose -16*t + 4184 = -5160. Suppose -4*s - 4*l + 2*l = -1168, 0 = -2*s - 4*l + t. List the prime factors of s.
2, 73
Let g = -56 + 61. Let s(m) = 40*m + 25. List the prime factors of s(g).
3, 5
Let b be -1 - 3/(-4) - (-1173)/4. Let p = b + -190. Suppose -5*w + p = -267. List the prime factors of w.
2, 37
Let q be (5 + 1)*(1 + (-2)/3). Suppose 4 = q*y, -2*y = 3*h - h. List the prime factors of h/13 - (-7 - 20292/78).
3, 89
Suppose -6*d + 3*d + 240 = 0. Let g(i) = -d*i**2 - 2 - 19*i + 79*i**2 + 20. List the prime factors of g(-14).
2, 11
Suppose 5*j - 3*i = 177, -j + 0*i = -i - 35. Let n = j - 13. Suppose -2*m - n + 145 = 0. What are the prime factors of m?
61
Suppose -4*h + v + 72 = 0, 5 = 2*h - 2*v - 31. Suppose 848 = 22*c - h*c. Suppose 0 = 2*r + 5*o - c, -5*o - 252 = -2*r - 0*r. What are the prime factors of r?
2, 29
Suppose v = r - 3*v - 18, -5*v = 20. Suppose -q - 4 = 0, r*z - q = -2*z - 4. Let i = 35 + z. List the prime factors of i.
3, 11
Let m be (2 + (-15)/3)/3 + 1146. Let a = m - 693. List the prime factors of a.
2, 113
Suppose -3*z - 2*z - 120 = 5*l, 5*l - 32 = 3*z. Let v = z - -17. List the prime factors of v + (-4 - -1 - -84).
79
List the prime factors of (6634565/(-231))/(-1) + (1 - (-105)/(-99)).
7, 11, 373
Let j = -1589 - -2968. What are the prime factors of j/1 + 44 + -39?
2, 173
Suppose -13*o + 10 = -3*o. Let t be o/(3/12*2). What are the prime factors of -4 + 2 + t + 34/2?
17
Let f(w) = -3*w**3 + 4*w**2 - 6*w + 4. Let q(v) = -v**2 + 6*v + 2. Let n be q(6). Let z be f(n). Let r(g) = g**2 + 11*g + 9. What are the prime factors of r(z)?
89
Let z = -113 - -66. Let w = 45 + z. Let r(s)